42 and 150678?
198
Calculate the highest common factor of 6528 and 37332.
204
What is the greatest common divisor of 2118230 and 620?
310
What is the highest common factor of 11165 and 3994837?
2233
What is the greatest common divisor of 66 and 2977755?
33
What is the highest common divisor of 218 and 511537?
109
What is the highest common divisor of 459 and 18139?
17
What is the highest common divisor of 1995 and 101346?
399
Calculate the greatest common divisor of 69 and 16123.
23
Calculate the highest common factor of 395 and 485.
5
What is the highest common divisor of 1305 and 1213505?
145
Calculate the highest common factor of 13224 and 125077.
551
Calculate the greatest common factor of 6 and 2273358.
6
What is the greatest common divisor of 58 and 66903?
29
Calculate the greatest common factor of 106180 and 220.
20
Calculate the greatest common divisor of 29887 and 104.
13
What is the greatest common divisor of 45929 and 13?
13
What is the greatest common divisor of 6 and 201026?
2
What is the greatest common factor of 70 and 441000?
70
Calculate the highest common factor of 18 and 70410.
6
Calculate the greatest common divisor of 63 and 3352083.
21
Calculate the greatest common factor of 47908 and 4466.
406
Calculate the highest common divisor of 951678 and 2184.
546
Calculate the highest common factor of 501798 and 66.
66
What is the highest common factor of 1082 and 5293144?
1082
Calculate the highest common divisor of 3 and 2771.
1
Calculate the greatest common divisor of 1928 and 7923116.
964
What is the highest common factor of 297786 and 1209?
93
Calculate the highest common factor of 54336 and 1472.
64
What is the highest common factor of 40669 and 86801?
607
What is the highest common divisor of 3097 and 6289?
19
What is the greatest common divisor of 1247168 and 832?
832
What is the highest common factor of 180 and 238905?
45
What is the highest common factor of 68 and 69632?
68
What is the highest common factor of 854175 and 90?
15
What is the greatest common divisor of 20 and 12686?
2
Calculate the highest common divisor of 248 and 3504.
8
What is the highest common divisor of 35 and 7133?
7
What is the highest common divisor of 4241400 and 240?
120
What is the highest common divisor of 778 and 162?
2
Calculate the highest common factor of 1022 and 53582.
146
What is the highest common factor of 36722 and 43344?
602
What is the highest common divisor of 8 and 91512?
8
Calculate the highest common divisor of 2064270 and 39.
39
Calculate the highest common divisor of 58304 and 2624.
64
Calculate the greatest common divisor of 1422 and 2916.
18
What is the greatest common factor of 226127 and 2013?
671
What is the greatest common factor of 352 and 360448?
352
What is the highest common factor of 13572 and 696?
348
What is the greatest common factor of 13694 and 2747?
41
Calculate the highest common factor of 56 and 1313844.
28
Calculate the greatest common factor of 442458 and 1269.
423
What is the greatest common divisor of 21 and 3106572?
21
What is the greatest common divisor of 651117 and 751?
751
Calculate the highest common divisor of 32724 and 324.
324
What is the greatest common divisor of 59946 and 9603?
291
Calculate the greatest common factor of 966 and 141750.
42
Calculate the highest common factor of 28336 and 5656.
56
What is the highest common divisor of 1578486 and 826?
826
Calculate the highest common factor of 6149 and 81829.
473
What is the highest common factor of 348 and 5964?
12
What is the greatest common factor of 8 and 50584?
8
Calculate the highest common divisor of 245637 and 279.
9
Calculate the highest common divisor of 2425232 and 2624.
656
Calculate the highest common divisor of 633899 and 7.
7
What is the highest common factor of 88 and 11848?
8
What is the highest common divisor of 2037 and 2163?
21
Calculate the highest common divisor of 66 and 1924054.
22
What is the highest common factor of 6657 and 2478?
21
Calculate the highest common divisor of 80928 and 44398.
562
What is the highest common divisor of 15921 and 1044?
261
Calculate the highest common divisor of 78 and 9642.
6
What is the greatest common divisor of 94 and 27589?
47
Calculate the greatest common divisor of 1653760 and 120.
40
Calculate the highest common divisor of 38275 and 50.
25
Calculate the greatest common factor of 2822 and 17098.
166
Calculate the highest common factor of 6768 and 49773.
141
Calculate the highest common factor of 1396 and 10121.
349
What is the greatest common factor of 82079 and 3501?
389
What is the highest common divisor of 95 and 15760?
5
Calculate the greatest common factor of 996 and 429.
3
Calculate the highest common divisor of 1110 and 806970.
1110
Calculate the highest common divisor of 7332 and 1902.
6
Calculate the greatest common factor of 322196 and 32116.
1036
What is the highest common divisor of 51615 and 2170?
155
Calculate the greatest common factor of 22591 and 152.
19
What is the greatest common divisor of 950498 and 23?
23
What is the greatest common factor of 420200 and 80?
40
What is the greatest common divisor of 3139 and 34357?
43
What is the highest common factor of 23632 and 672?
112
What is the greatest common factor of 4894579 and 61?
61
What is the greatest common factor of 148297 and 82?
41
Calculate the highest common factor of 497 and 114523.
71
Calculate the greatest common divisor of 5543384 and 308.
308
What is the greatest common divisor of 1768 and 3848?
104
What is the greatest common factor of 182616 and 1344?
168
Calculate the highest common divisor of 221 and 247.
13
What is the greatest common divisor of 87 and 397329?
87
Calculate the greatest common factor of 25971 and 189667.
787
What is the highest common divisor of 14145 and 575?
115
Calculate the highest common divisor of 24 and 9166896.
24
What is the greatest common divisor of 6444 and 17964?
36
What is the greatest common divisor of 9765 and 75?
15
What is the highest common factor of 3591 and 920835?
513
What is the highest common divisor of 4284372 and 12?
12
Calculate the highest common divisor of 972 and 804.
12
What is the greatest common factor of 14188 and 28?
4
Calculate the highest common factor of 798 and 13062.
42
What is the highest common factor of 753885 and 90?
45
Calculate the highest common divisor of 105853 and 616.
11
What is the greatest common factor of 90 and 89880?
30
What is the highest common factor of 15652 and 1664?
52
What is the greatest common divisor of 945 and 954639?
189
What is the highest common factor of 8343 and 1442?
103
What is the highest common factor of 20 and 5555?
5
Calculate the highest common divisor of 1780 and 5230.
10
Calculate the greatest common factor of 304 and 186504.
152
Calculate the greatest common divisor of 12638 and 6816.
142
What is the highest common divisor of 123764 and 6?
2
What is the highest common divisor of 3406 and 161916?
262
What is the highest common factor of 105711 and 3?
3
Calculate the highest common divisor of 1365 and 228410.
455
What is the greatest common factor of 289 and 66181?
289
Calculate the highest common divisor of 1835 and 15047.
367
Calculate the greatest common factor of 14 and 368102.
14
Calculate the highest common divisor of 6356 and 196.
28
Calculate the highest common factor of 291102 and 1827.
609
Calculate the highest common factor of 44088 and 924.
132
Calculate the greatest common divisor of 56970 and 378.
54
Calculate the highest common divisor of 23 and 13133.
23
What is the greatest common divisor of 112998 and 3552?
222
What is the highest common divisor of 62832 and 33936?
336
Calculate the highest common factor of 201 and 225723.
201
Calculate the greatest common factor of 64578 and 8178.
282
What is the greatest common factor of 30360 and 368?
184
Calculate the highest common factor of 24 and 165642.
6
What is the highest common divisor of 44 and 138428?
4
What is the highest common factor of 209 and 181393?
19
Calculate the greatest common factor of 1792 and 10304.
448
Calculate the highest common divisor of 212565 and 1110.
555
What is the highest common divisor of 4018 and 4802?
98
Calculate the highest common divisor of 632 and 22.
2
What is the greatest common divisor of 5495 and 34